{"id":1956,"date":"2021-01-27T17:30:00","date_gmt":"2021-01-27T16:30:00","guid":{"rendered":"https:\/\/www.kochchaot.de\/?page_id=1956"},"modified":"2025-08-06T08:30:01","modified_gmt":"2025-08-06T06:30:01","slug":"mx-5","status":"publish","type":"page","link":"https:\/\/www.kochchaot.de\/?page_id=1956","title":{"rendered":"MX-5 Bestand in Deutschland"},"content":{"rendered":"\n<figure class=\"wp-block-gallery has-nested-images columns-default is-cropped wp-block-gallery-1 is-layout-flex wp-block-gallery-is-layout-flex\">\n<figure class=\"wp-block-image size-large\"><img loading=\"lazy\" decoding=\"async\" width=\"1024\" height=\"768\" data-id=\"1061\" src=\"https:\/\/www.kochchaot.de\/wp-content\/uploads\/2016\/04\/Mex-13-1024x768.jpg\" alt=\"\" class=\"wp-image-1061\" srcset=\"https:\/\/www.kochchaot.de\/wp-content\/uploads\/2016\/04\/Mex-13-1024x768.jpg 1024w, https:\/\/www.kochchaot.de\/wp-content\/uploads\/2016\/04\/Mex-13-600x450.jpg 600w, https:\/\/www.kochchaot.de\/wp-content\/uploads\/2016\/04\/Mex-13.jpg 1600w\" sizes=\"auto, (max-width: 1024px) 100vw, 1024px\" \/><\/figure>\n\n\n\n<figure class=\"wp-block-image size-large\"><img loading=\"lazy\" decoding=\"async\" width=\"1024\" height=\"683\" data-id=\"1072\" src=\"https:\/\/www.kochchaot.de\/wp-content\/uploads\/2016\/04\/Mex-43-1024x683.jpg\" alt=\"\" class=\"wp-image-1072\" srcset=\"https:\/\/www.kochchaot.de\/wp-content\/uploads\/2016\/04\/Mex-43-1024x683.jpg 1024w, https:\/\/www.kochchaot.de\/wp-content\/uploads\/2016\/04\/Mex-43-600x400.jpg 600w, https:\/\/www.kochchaot.de\/wp-content\/uploads\/2016\/04\/Mex-43.jpg 1600w\" sizes=\"auto, (max-width: 1024px) 100vw, 1024px\" \/><\/figure>\n\n\n\n<figure class=\"wp-block-image size-large\"><img loading=\"lazy\" decoding=\"async\" width=\"1024\" height=\"768\" data-id=\"1067\" src=\"https:\/\/www.kochchaot.de\/wp-content\/uploads\/2016\/04\/Mex-20-1024x768.jpg\" alt=\"\" class=\"wp-image-1067\" srcset=\"https:\/\/www.kochchaot.de\/wp-content\/uploads\/2016\/04\/Mex-20-1024x768.jpg 1024w, https:\/\/www.kochchaot.de\/wp-content\/uploads\/2016\/04\/Mex-20-600x450.jpg 600w, https:\/\/www.kochchaot.de\/wp-content\/uploads\/2016\/04\/Mex-20.jpg 1600w\" sizes=\"auto, (max-width: 1024px) 100vw, 1024px\" \/><\/figure>\n<\/figure>\n\n\n\n<p>Der Bestand der MX-5 in Deutschland \u00e4ndert sich st\u00e4ndig. Neue Modelle kommen auf den Markt und alte Auto gehen verloren.<\/p>\n\n\n\n<p>Mit  \u00fcber 1.000.000 verkauften Exemplaren zwischen Februar 1989 und April 2016 ist der MX-5 der meistverkaufte Roadster weltweit.<\/p>\n\n\n\n<p>Es werden 4 Generationen unterschieden, mit folgenden Baujahren:<\/p>\n\n\n\n<ul class=\"wp-block-list\">\n<li>NA von 1989 bis 1998<\/li>\n\n\n\n<li>NB von 1998 bis 2005<\/li>\n\n\n\n<li>NC von 2005 bis 2015<\/li>\n\n\n\n<li>ND von 2015 bis ? &#8211; wird weiterhin gebaut<\/li>\n<\/ul>\n\n\n\n<p>Meistens gibt es nach einigen Jahren ein Facelift, was aber hier unber\u00fccksichtigt bleibt.<\/p>\n\n\n\n<p>Weitere Unterscheidung in den Statistiken sind lediglich noch die Motoren, da es einen &#8222;kleinen&#8220; und einen &#8222;gro\u00dfen&#8220; Motor gibt. Bei der ersten Generation wird beim kleinen Motor zus\u00e4tzlich zwischen zwei Leistungsvarianten unterschieden.<\/p>\n\n\n\n<p>Alle Daten werden in Deutschland vom Kraftfahrbundesamt ver\u00f6ffentlicht. \u00dcber die Typschl\u00fcsselnummer kann das jeweilige Modell zugeordnet werden.<\/p>\n\n\n\n<p class=\"has-text-align-center\"><em>Letzter Stand: 01. Januar 202<\/em>5<\/p>\n\n\n\n<h4 class=\"wp-block-heading\">Der Bestand an MX-5 von 1999 bis 2025<\/h4>\n\n\n\n<figure class=\"wp-block-image size-full\"><img loading=\"lazy\" decoding=\"async\" width=\"945\" height=\"366\" src=\"https:\/\/www.kochchaot.de\/wp-content\/uploads\/2025\/08\/MX5-Bestand.jpg\" alt=\"\" class=\"wp-image-2566\" srcset=\"https:\/\/www.kochchaot.de\/wp-content\/uploads\/2025\/08\/MX5-Bestand.jpg 945w, https:\/\/www.kochchaot.de\/wp-content\/uploads\/2025\/08\/MX5-Bestand-600x232.jpg 600w\" sizes=\"auto, (max-width: 945px) 100vw, 945px\" \/><\/figure>\n\n\n\n<p>Das ganze in Zahlen:<\/p>\n\n\n\n<figure class=\"wp-block-gallery has-nested-images columns-default is-cropped wp-block-gallery-2 is-layout-flex wp-block-gallery-is-layout-flex\">\n<figure class=\"wp-block-image size-full\"><img loading=\"lazy\" decoding=\"async\" width=\"990\" height=\"755\" data-id=\"2583\" src=\"https:\/\/www.kochchaot.de\/wp-content\/uploads\/2025\/08\/MX5-Rohdaten-2.jpg\" alt=\"\" class=\"wp-image-2583\" srcset=\"https:\/\/www.kochchaot.de\/wp-content\/uploads\/2025\/08\/MX5-Rohdaten-2.jpg 990w, https:\/\/www.kochchaot.de\/wp-content\/uploads\/2025\/08\/MX5-Rohdaten-2-600x458.jpg 600w\" sizes=\"auto, (max-width: 990px) 100vw, 990px\" \/><\/figure>\n<\/figure>\n\n\n\n<div class=\"wp-block-group\"><div class=\"wp-block-group__inner-container is-layout-flow wp-block-group-is-layout-flow\">\n<p><em>Zu beachten ist: Bis 2007 beinhaltete der Fahrzeugbestand auch die Anzahl der vor\u00fcbergehenden Stilllegungen. Mit der neuen Fahrzeugzulassungsverordnung wurde das Zulassungsverfahren vereinfacht. S\u00e4mtliche Arten von Abmeldungen, auch die sogenannten vor\u00fcbergehenden Stilllegungen, gelten seit 1.3.2007 als Au\u00dferbetriebsetzungen. In der Konsequenz enth\u00e4lt der Fahrzeugbestand daher lediglich den flie\u00dfenden Verkehr einschlielich der Saisonkennzeichen.<\/em><\/p>\n\n\n\n<p><em>Nimmt man eine kontinuierliche Abnahme des Bestandes an, so kann man anhand der Zahlen der Vorjahre davon ausgehen, dass ungef\u00e4hr 10% aller MX-5-Typen am 01.01. abgemeldet waren. Der tats\u00e4chliche&nbsp;Bestand&nbsp;liegt also um diese Zahl h\u00f6her als es die Zahlen oben ausweisen.<\/em><\/p>\n\n\n\n<p><em>Zus\u00e4tzlich gilt wie in den Vorjahren, dass eine erhebliche &#8222;Dunkelziffer&#8220; an nicht offiziell importierten MX-5 besteht (sog. Grauimporte). Diese Fahrzeuge werden oft nicht dem Modellschl\u00fcssel zugeordnet, sondern sind mit der Typschl\u00fcsselnr. &#8222;000&#8220; gekennzeichnet. Die Anzahl solcher MX-5 d\u00fcrfte sich heute bei etwa 7.000 &#8211; 9.000 Fahrzeugen bewegen (2003 waren es 10.225 St\u00fcck).<\/em><\/p>\n\n\n\n<h4 class=\"wp-block-heading\">Neuzulassungen MX-5<\/h4>\n\n\n\n<p>Herausgerechnet aus dem Bestand ergeben sich die Neuzulassungen des jeweiligen Jahres &#8211; ohne gleichzeitige &#8222;Verluste&#8220;.<\/p>\n<\/div><\/div>\n\n\n\n<figure class=\"wp-block-gallery has-nested-images columns-default is-cropped wp-block-gallery-3 is-layout-flex wp-block-gallery-is-layout-flex\">\n<figure class=\"wp-block-image size-full\"><a href=\"https:\/\/www.kochchaot.de\/?attachment_id=2568\"><img loading=\"lazy\" decoding=\"async\" width=\"945\" height=\"366\" data-id=\"2568\" src=\"https:\/\/www.kochchaot.de\/wp-content\/uploads\/2025\/08\/MX5-Neuzulassungen.jpg\" alt=\"\" class=\"wp-image-2568\" srcset=\"https:\/\/www.kochchaot.de\/wp-content\/uploads\/2025\/08\/MX5-Neuzulassungen.jpg 945w, https:\/\/www.kochchaot.de\/wp-content\/uploads\/2025\/08\/MX5-Neuzulassungen-600x232.jpg 600w\" sizes=\"auto, (max-width: 945px) 100vw, 945px\" \/><\/a><\/figure>\n<\/figure>\n\n\n\n<h4 class=\"wp-block-heading\">Verluste an MX-5<\/h4>\n\n\n\n<p>Verringert sich der Bestand eines Modells, kann man wohl von einem &#8222;Verlust&#8220; ausgehen. Hier wird lediglich der j\u00e4hrliche Verlust an MX-5 in % ausgewiesen.<\/p>\n\n\n\n<figure class=\"wp-block-gallery has-nested-images columns-default is-cropped wp-block-gallery-4 is-layout-flex wp-block-gallery-is-layout-flex\">\n<figure class=\"wp-block-image size-full\"><a href=\"https:\/\/www.kochchaot.de\/?attachment_id=2569\"><img loading=\"lazy\" decoding=\"async\" width=\"945\" height=\"413\" data-id=\"2569\" src=\"https:\/\/www.kochchaot.de\/wp-content\/uploads\/2025\/08\/MX5-Abgang.jpg\" alt=\"\" class=\"wp-image-2569\" srcset=\"https:\/\/www.kochchaot.de\/wp-content\/uploads\/2025\/08\/MX5-Abgang.jpg 945w, https:\/\/www.kochchaot.de\/wp-content\/uploads\/2025\/08\/MX5-Abgang-600x262.jpg 600w\" sizes=\"auto, (max-width: 945px) 100vw, 945px\" \/><\/a><\/figure>\n<\/figure>\n\n\n\n<h4 class=\"wp-block-heading\">Dichte und Verteilung in den Bundesl\u00e4ndern<\/h4>\n\n\n\n<p>Nachfolgend noch eine \u00dcbersicht zum 01.01.2025, in der gezeigt wird, wie viele MX-5 sich unter 1.000 zugelassenen Fahrzeugen befinden:<\/p>\n\n\n\n<figure class=\"wp-block-gallery has-nested-images columns-default is-cropped wp-block-gallery-5 is-layout-flex wp-block-gallery-is-layout-flex\">\n<figure class=\"wp-block-image size-full\"><img loading=\"lazy\" decoding=\"async\" width=\"414\" height=\"648\" data-id=\"2570\" src=\"https:\/\/www.kochchaot.de\/wp-content\/uploads\/2025\/08\/MX5-Bundesland.jpg\" alt=\"\" class=\"wp-image-2570\" srcset=\"https:\/\/www.kochchaot.de\/wp-content\/uploads\/2025\/08\/MX5-Bundesland.jpg 414w, https:\/\/www.kochchaot.de\/wp-content\/uploads\/2025\/08\/MX5-Bundesland-383x600.jpg 383w\" sizes=\"auto, (max-width: 414px) 100vw, 414px\" \/><\/figure>\n<\/figure>\n","protected":false},"excerpt":{"rendered":"<p>Der Bestand der MX-5 in Deutschland \u00e4ndert sich st\u00e4ndig. Neue Modelle kommen auf den Markt und alte Auto gehen verloren. Mit \u00fcber 1.000.000 verkauften Exemplaren zwischen Februar 1989 und April 2016 ist der MX-5 der meistverkaufte Roadster weltweit. Es werden 4 Generationen unterschieden, mit folgenden Baujahren: Meistens gibt es nach einigen Jahren ein Facelift, was&hellip;<\/p>\n","protected":false},"author":2,"featured_media":1072,"parent":0,"menu_order":0,"comment_status":"closed","ping_status":"closed","template":"","meta":{"footnotes":""},"class_list":["post-1956","page","type-page","status-publish","has-post-thumbnail","hentry","post-grid-2-col","entry"],"_links":{"self":[{"href":"https:\/\/www.kochchaot.de\/index.php?rest_route=\/wp\/v2\/pages\/1956","targetHints":{"allow":["GET"]}}],"collection":[{"href":"https:\/\/www.kochchaot.de\/index.php?rest_route=\/wp\/v2\/pages"}],"about":[{"href":"https:\/\/www.kochchaot.de\/index.php?rest_route=\/wp\/v2\/types\/page"}],"author":[{"embeddable":true,"href":"https:\/\/www.kochchaot.de\/index.php?rest_route=\/wp\/v2\/users\/2"}],"replies":[{"embeddable":true,"href":"https:\/\/www.kochchaot.de\/index.php?rest_route=%2Fwp%2Fv2%2Fcomments&post=1956"}],"version-history":[{"count":11,"href":"https:\/\/www.kochchaot.de\/index.php?rest_route=\/wp\/v2\/pages\/1956\/revisions"}],"predecessor-version":[{"id":2584,"href":"https:\/\/www.kochchaot.de\/index.php?rest_route=\/wp\/v2\/pages\/1956\/revisions\/2584"}],"wp:featuredmedia":[{"embeddable":true,"href":"https:\/\/www.kochchaot.de\/index.php?rest_route=\/wp\/v2\/media\/1072"}],"wp:attachment":[{"href":"https:\/\/www.kochchaot.de\/index.php?rest_route=%2Fwp%2Fv2%2Fmedia&parent=1956"}],"curies":[{"name":"wp","href":"https:\/\/api.w.org\/{rel}","templated":true}]}}